*u - 15*u + 29*u + 28. Give f(7).
-10
Let j(l) = 91 + 69*l - 1375*l**3 + 2755*l**3 - 125 + 32*l**2 - 1381*l**3. Determine j(34).
0
Suppose 3*h = -316 + 286. Let m be -16 - ((-4)/h + 49/(-35)). Let b(k) = -k**3 - 16*k**2 - 14*k + 16. Give b(m).
1
Let i(w) = -4*w**2 + 1. Let g be (1/((-3)/(-6)))/(6/(-147)). Let j = g + 51. Suppose 0*t = -j*t - 2. Give i(t).
-3
Let u(c) = 945*c + 944*c + 31 + 936*c - 2830*c. What is u(8)?
-9
Let s(l) = -3*l + 12. Let o(r) = -2. Let g(q) = q + 7. Let m(y) = -2*g(y) - 10*o(y). Let u(a) = 5*m(a) - 3*s(a). Let p = -25044 - -25036. Give u(p).
2
Let r(j) be the second derivative of -391*j + 1/12*j**4 - 3*j**2 - 1/3*j**3 + 0. Suppose k = -k - 10. Give r(k).
29
Let g be (-84)/(-105)*(-190)/(-4). Suppose -g*m = -34*m - 8. Let h(x) = -3 - x + 64*x**m + x**3 + 0*x - 62*x**2. Calculate h(-3).
-9
Let d(x) = -8763 - 7*x + 5*x**2 + 8741 - 6*x**2. Determine d(-8).
-30
Let d(v) = v**2 - 34*v - 87. Suppose -4*z - 295*h + 293*h = -142, -3*z + 117 = -2*h. Give d(z).
24
Let y(j) = 133*j - 1001. Let x(t) = 15*t - 113. Let a(k) = -35*x(k) + 4*y(k). Determine a(7).
0
Suppose r - 4 = 585*b - 586*b, -3*r + 19 = -4*b. Let g(k) = -19*k + 3. Let v(q) = 38*q - 7. Let x(n) = 5*g(n) + 2*v(n). Calculate x(b).
20
Let y(b) = 120*b - 605. Let u be (-9)/(6 + 897/(-115)). What is y(u)?
-5
Let l(i) = 3*i**2 - 4*i - 5. Let w = -27 + 23. Let t(u) = 2*u**2 - 3*u - 4. Let y(b) = w*t(b) + 3*l(b). Determine y(0).
1
Let l(p) = 15*p**3 - 6*p**2 - 101*p + 10. Let n(s) = -s**3 - s**2 - 17*s + 2. Let w(y) = -l(y) + 6*n(y). What is w(1)?
-20
Let z(k) = -4*k**3 - 3*k + 2. Let o(h) = -2*h + 28. Let u be o(4). Let j(q) = -q**3 + 21*q**2 - 19*q - 18. Let d be j(u). What is z(d)?
-36
Let c(l) = -12*l + 4*l**2 + 63*l - 26*l - 30*l - 3 - 3*l**2. Let v be 1 - (-5 - 0)*1. Calculate c(v).
3
Let i(b) = 2*b + 2. Let f be (0 - 0) + (-14 - -22). Suppose 0 = f*u - 75 + 11. Determine i(u).
18
Let a = -367 + 368. Let c(h) be the second derivative of 7*h**4/4 + 49*h - 3. Determine c(a).
21
Let v = -9191/3 - -3065. Let r(t) be the third derivative of 0 - 1/24*t**4 - v*t**3 + 13*t**2 + 0*t. Determine r(-7).
-1
Let t(i) = 307*i - 1541. Let q(r) = -26*r + 140. Let s(v) = -23*q(v) - 2*t(v). Calculate s(-12).
54
Let s(w) = w**2 + 3*w + 4. Suppose 103*m - 109*m - 12 = 0. Let k(p) = 4*p**2 + 14*p + 20. Let z(t) = m*k(t) + 11*s(t). Calculate z(-3).
16
Let v = 6 - -1. Let x(b) = -9*b**2 + 7*b - 5. Let o be (7 - 4)/(3 + -3 - -1). Let w(r) = 4*r**2 - 4*r + 2. Let p(k) = o*x(k) + v*w(k). Determine p(5).
-11
Let o(g) = 19*g**2 - 109*g + 68. Let c(q) = -2*q**2 + 14*q. Let t(m) = 9*c(m) + o(m). Determine t(-16).
52
Let a be (5 + (-220)/12)*9/(-12). Let n(r) = -1. Let k(g) = g**2 - 12*g + 8. Let f(j) = k(j) - 4*n(j). What is f(a)?
-8
Let b(w) be the first derivative of -w**4/4 - 16*w**3/3 + w**2 - 16*w + 3817. Calculate b(-16).
-48
Let p(i) = -i**3 - 2*i**2 + i - 69. Let m be 0/(-2 - (-8 + 10) - -12). Give p(m).
-69
Let l(x) = x**3 + 10*x**2 - x - 13. Let n be l(-10). Let h(j) be the second derivative of j**4/12 + j**3/2 - j**2/2 + 11*j + 4. Determine h(n).
-1
Let x(t) = 2*t**2 + 30*t + 23. Let h be x(-15). Suppose -5*m + r - 15 = -3*r, -5*r = -2*m - h. Let a(y) = y**2 + 3*y - 3. Calculate a(m).
1
Let z(k) = 15*k - 6. Let y(m) = -31*m + 13. Let r(a) = -4*y(a) - 9*z(a). Suppose -434*h + 160*h + 657 = -713. What is r(h)?
-53
Let u(v) = 79*v - 124. Let s(h) = -720*h + 1115. Let o(a) = -6*s(a) - 55*u(a). Calculate o(5).
5
Let n(u) = -4*u + 15. Let i(z) = 4*z - 39. Let m(w) = -2*i(w) - 5*n(w). Give m(-1).
-9
Suppose -2*y - 2 = -2*g, 3*g - 11 = -5*y + 6*y. Let p be 5/20 + 1015/116. Suppose -30 = -g*s - 5*v, -2*v + 0*v = -s - p. Let o(u) = 6*u**2 + u. Give o(s).
7
Suppose 5*g + 4 = 19. Let r(n) = -217*n - g - n**2 + 217*n. Determine r(4).
-19
Let l(t) = -2*t**2 + t + 4. Let v(r) = -2*r**2 + r + 10. Let n be v(-2). Suppose n = 2*z + 3*a - 18, z + 4*a = 4*z + 7. Give l(z).
-11
Let w(q) = -3*q**3 - 30*q**2 - 29*q - 122. Let n(j) = 2*j**3 + 19*j**2 + 20*j + 82. Let k(m) = -8*n(m) - 5*w(m). What is k(-3)?
8
Let z(v) be the first derivative of v**6/120 + v**5/40 - v**4/12 + 11*v**3/3 - 5*v**2/2 - 53. Let r(b) be the third derivative of z(b). Give r(-3).
16
Let y(g) be the first derivative of -2*g**4/3 - g**3/6 - 9*g**2/2 + 3*g - 39. Let w(m) be the second derivative of y(m). Give w(1).
-17
Let o(f) = 45 - 3*f - 26 + 42. Let k be o(18). Let d(w) = -3*w + 4*w**2 - 3*w**2 - 4*w - w + 9. What is d(k)?
2
Let a(p) be the first derivative of p**4/4 + 7*p**3/3 - 31*p**2/2 - 13*p - 31. Calculate a(-10).
-3
Suppose 5 = -2*o + 9, -c - o + 8 = 0. Let j be 6/8 - (c - 50/8). Let g(i) = 19*i**3 - 2*i**2 + 1. Give g(j).
18
Suppose -242*t = -260*t + 36. Let m(c) = c**3 - 2*c**2 + 3*c - 2. Determine m(t).
4
Suppose 3*q + 101*p = 105*p + 37, -2*q + 2*p + 22 = 0. Let a(g) = g**2 - 6*g - 14. Give a(q).
-7
Let r(n) = -32*n + 1470. Suppose -4924 = d - 4970. Determine r(d).
-2
Let g(i) = -i**3 + 7*i**2 - 10*i + 7. Let q be (-1360)/3*13/(130/(-12)). Suppose -18*w + q = -w. Let j be (-8)/20 + w/5. Determine g(j).
-17
Let k(o) = 5*o**3 + 7*o**2 + 17*o + 17. Let l(q) = 14*q**3 + 21*q**2 + 50*q + 50. Let j(h) = 11*k(h) - 4*l(h). What is j(-5)?
2
Let a = 6531 - 6517. Let v(p) = -p**2 + 12*p - 13. Calculate v(a).
-41
Let x(u) be the second derivative of -1/2*u**2 - 2/3*u**3 + 7 + 4*u. Let d(z) = -z**3 + 3*z**2 + 4*z - 1. Let q be d(4). Give x(q).
3
Let p(a) be the third derivative of -40*a**2 - 1/6*a**3 + 7/24*a**4 + 0 + 0*a. Calculate p(1).
6
Let x(j) = j**3 + 4*j**2 + 7*j + 18. Let r be 8/(((-16)/(-20))/(-8 + (-152)/(-20))). Give x(r).
-10
Let u(j) = 3*j**3 - 136*j**2 - 91*j - 54. Let s be u(46). Let b(o) = o**3 + 10*o**2 + 7*o - 7. What is b(s)?
65
Let t(s) be the third derivative of -s**5/60 - s**4/4 - 7*s**3/6 - s**2 - 370*s - 2. Suppose a + 0*a = -6. Determine t(a).
-7
Let n(s) = 2*s**2 + 9*s + 12. Suppose 5*i - 5*c + 170 = 0, -118*c = -4*i - 115*c - 133. Let z = -36 - i. Determine n(z).
17
Suppose -9*d - 7 + 25 = 0. Let a(g) = 475*g**3 - 6*g + 8*g**d - 5 - 476*g**3 + 1. Let q(m) = -8*m**3 - 1. Let o be q(-1). What is a(o)?
3
Let m(t) = -1. Let k(y) = -13 - 647*y + 646*y + 4. Let w(q) = k(q) + 2*m(q). Determine w(-10).
-1
Let n(g) be the third derivative of g**7/1680 + g**6/720 + g**5/30 - g**4/6 - 5*g**2 - 1. Let i(o) be the third derivative of n(o). Give i(2).
7
Let p = -11 - -13. Let c(i) = -39 - i + 6*i**p + 82 - 41 - i**3. Let u = 14 - 8. Determine c(u).
-4
Let y be 6/(-9) - ((-7)/15 - 46/230). Let m(n) = -2*n**3 - n**2 + 18*n - 3. Determine m(y).
-3
Let t(r) = -966*r - 5795. Let k be t(-6). Let b(p) = 3*p + 2 - 17*p**2 - 2*p - 3. Give b(k).
-17
Let z(a) = 5*a**3. Suppose 0 = -12*b + 168*b + 10701 - 3681. Let h = -4 + 48. Let x = h + b. Calculate z(x).
-5
Let n(p) = p**2 - 5*p + 2. Let j(c) = 138*c - 169. Let t be j(8). Let q = t - 929. Calculate n(q).
8
Let m(j) = -7*j**3 + 2*j**2 - j. Let d = 78 - 50. Let g = d - -8. Let n = g + -35. Determine m(n).
-6
Let j be (-6 + 4 + 5)*2. Let z(a) = -4*a + 4. Let h(i) = 34*i - 12*i - 17*i - 4. Let b(f) = 3*h(f) + 4*z(f). What is b(j)?
-2
Let o(z) = -z**2 - 139*z + 277. Let a be o(2). Let h(p) = -6*p - 9. Determine h(a).
21
Let s be ((-2)/3)/((-8)/(-36)). Let a be (7/s)/((-3)/9). Let k(f) be the third derivative of f**5/60 - 7*f**4/24 - f**3/6 - f**2. Calculate k(a).
-1
Let h(k) = -8*k + 5*k - 14*k**3 + 15*k**3 - 14*k**2 + 31. Let c be h(14). Let a(u) = -u**3 - 12*u**2 - 11*u + 11. Calculate a(c).
11
Suppose 25*p - 24*p - 7 = 3*m, 24 = 2*p - m. Let x(u) = u**2 - 15*u + 16. Calculate x(p).
-10
Let a(w) = 3*w**2 + 59*w - 79. Let p be (515/206)/((-35)/294). Determine a(p).
5
Let r(n) = 128 + 3*n + 154 - 326. Determine r(13).
-5
Suppose t + 3*t + 2*i = 12, -2*t + 2*i = 0. Let p(m) = -1 + 136*m**2 + 114*m**2 - m - m - 255*m**2. What is p(t)?
-25
Let h = 8 - 8. Let t(w) = -w - 2*w + 2668 - 1334 + 2*w - 1338. What is t(h)?
-4
Let h be (3/4)/((-11)/4 - -3). Let w(n) = 30*n - 32*n + 1449*n**2 - 1450*n**2 + 4. Give w(h).
-11
Let z(r) = -3*r**2 + 6*r. Let f(o) = 7*o**3 - 5*o**2 - o + 19. Let w(l) = -12*l**3 + 11*l**2 + l - 39. Let p(t) = 7*f(t) + 4*w(t). Let g be p(-9). Give z(g).
-24
Let f be (-2)/((6 + -3)/(-9)). Let j be (936/(-27))/((-4)/30). Let i(n) = 35 + n**3 + j*n - 5*n**2 - 37 - 265*n. 